ate the greatest common factor of 10 and 380.
10
What is the highest common divisor of 884 and 52?
52
What is the greatest common divisor of 1066 and 82?
82
Calculate the greatest common factor of 33 and 3531.
33
What is the highest common factor of 5 and 180?
5
Calculate the greatest common divisor of 2567 and 1359.
151
Calculate the highest common factor of 114 and 19323.
57
What is the greatest common factor of 264 and 48?
24
Calculate the highest common factor of 1330 and 310.
10
Calculate the greatest common divisor of 191680 and 320.
320
What is the highest common factor of 108 and 9?
9
What is the greatest common divisor of 11 and 275?
11
What is the highest common factor of 14 and 6482?
14
What is the greatest common factor of 385 and 35?
35
What is the highest common factor of 54 and 180?
18
Calculate the highest common divisor of 2774 and 38.
38
Calculate the greatest common factor of 7102 and 134.
134
Calculate the greatest common divisor of 159 and 3021.
159
Calculate the greatest common divisor of 847 and 14.
7
What is the greatest common divisor of 2314 and 89?
89
What is the highest common divisor of 4626 and 54?
18
What is the highest common factor of 1 and 5142?
1
Calculate the greatest common divisor of 30 and 102.
6
Calculate the highest common factor of 798 and 741.
57
What is the greatest common factor of 41 and 1476?
41
Calculate the highest common divisor of 17 and 34.
17
Calculate the highest common factor of 62 and 4402.
62
Calculate the highest common divisor of 1600 and 175.
25
What is the highest common factor of 151 and 9211?
151
Calculate the greatest common factor of 11 and 88.
11
What is the highest common factor of 18234 and 36?
18
What is the greatest common divisor of 264 and 968?
88
Calculate the highest common divisor of 163 and 163.
163
What is the highest common factor of 106 and 1219?
53
Calculate the greatest common factor of 4851 and 297.
99
What is the greatest common divisor of 47021 and 13?
13
What is the highest common factor of 4 and 258?
2
Calculate the highest common divisor of 378 and 1350.
54
Calculate the greatest common factor of 9 and 11943.
9
Calculate the greatest common divisor of 325 and 26.
13
What is the highest common factor of 400 and 96?
16
What is the highest common factor of 1387 and 95?
19
What is the highest common factor of 80 and 50?
10
Calculate the highest common factor of 22 and 154.
22
Calculate the greatest common factor of 8398 and 38.
38
What is the greatest common divisor of 12745 and 5?
5
Calculate the highest common factor of 396 and 252.
36
What is the greatest common divisor of 54 and 459?
27
What is the greatest common factor of 12 and 44?
4
What is the highest common divisor of 260 and 1160?
20
Calculate the highest common divisor of 5 and 845.
5
Calculate the highest common divisor of 22 and 352.
22
Calculate the greatest common factor of 2461 and 428.
107
What is the greatest common factor of 75 and 2535?
15
Calculate the greatest common divisor of 480 and 520.
40
Calculate the highest common factor of 153 and 36.
9
Calculate the highest common factor of 17 and 1.
1
What is the highest common divisor of 135 and 270?
135
What is the highest common factor of 861 and 3813?
123
What is the greatest common factor of 244 and 4?
4
Calculate the greatest common factor of 141 and 1316.
47
What is the highest common factor of 150 and 225?
75
Calculate the greatest common divisor of 8 and 40.
8
Calculate the highest common factor of 2268 and 9.
9
Calculate the greatest common factor of 390 and 30.
30
What is the highest common divisor of 6 and 100?
2
Calculate the highest common divisor of 24 and 141.
3
Calculate the greatest common divisor of 189 and 26397.
63
What is the greatest common factor of 418 and 722?
38
Calculate the greatest common factor of 15 and 45.
15
Calculate the highest common factor of 1150 and 69.
23
What is the highest common factor of 91 and 52?
13
Calculate the greatest common divisor of 249 and 415.
83
Calculate the highest common divisor of 33 and 11.
11
Calculate the greatest common divisor of 340 and 11764.
68
Calculate the greatest common factor of 4 and 32.
4
What is the highest common factor of 112 and 91?
7
Calculate the greatest common divisor of 46 and 21436.
46
What is the highest common divisor of 3 and 73?
1
What is the highest common factor of 8982 and 90?
18
Calculate the greatest common divisor of 24 and 18.
6
What is the greatest common factor of 77 and 11?
11
Calculate the greatest common divisor of 21 and 6.
3
What is the greatest common divisor of 13453 and 55?
11
Calculate the greatest common divisor of 16 and 24.
8
What is the greatest common factor of 4 and 1136?
4
Calculate the highest common divisor of 4860 and 945.
135
Calculate the highest common factor of 1645 and 20.
5
Calculate the highest common divisor of 2292 and 36.
12
Calculate the greatest common divisor of 16 and 752.
16
What is the highest common factor of 246 and 6?
6
Calculate the greatest common divisor of 538 and 4573.
269
What is the highest common divisor of 696 and 16472?
232
Calculate the highest common divisor of 10 and 12490.
10
What is the greatest common factor of 6 and 138?
6
Calculate the greatest common divisor of 19412 and 184.
92
What is the greatest common factor of 60 and 96?
12
Calculate the greatest common factor of 5540 and 20.
20
What is the greatest common factor of 2 and 338?
2
What is the highest common divisor of 610 and 5246?
122
What is the highest common factor of 181 and 5249?
181
What is the highest common factor of 53 and 5989?
53
Calculate the greatest common factor of 2313 and 36.
9
What is the greatest common divisor of 171 and 324?
9
Calculate the greatest common divisor of 4347 and 322.
161
Calculate the greatest common divisor of 39 and 26.
13
Calculate the highest common factor of 11 and 15829.
11
What is the greatest common factor of 550 and 44?
22
Calculate the greatest common divisor of 18 and 267.
3
What is the highest common factor of 3341 and 13?
13
What is the highest common factor of 13623 and 57?
57
Calculate the highest common divisor of 2 and 122.
2
Calculate the highest common factor of 96 and 474.
6
What is the greatest common divisor of 1136 and 4686?
142
What is the highest common divisor of 42 and 182?
14
Calculate the greatest common divisor of 41 and 8651.
41
Calculate the greatest common factor of 110 and 44.
22
What is the highest common divisor of 828 and 184?
92
Calculate the greatest common divisor of 10 and 35.
5
What is the greatest common factor of 187 and 1649?
17
Calculate the highest common factor of 112 and 14.
14
What is the highest common factor of 867 and 17?
17
Calculate the highest common divisor of 107 and 33277.
107
Calculate the highest common divisor of 72 and 846.
18
What is the greatest common factor of 65 and 195?
65
Calculate the greatest common divisor of 225 and 90.
45
Calculate the highest common divisor of 1 and 6121.
1
Calculate the greatest common divisor of 1110 and 150.
30
Calculate the highest common divisor of 195 and 780.
195
What is the highest common divisor of 112 and 52416?
112
Calculate the highest common factor of 66 and 6501.
33
What is the greatest common factor of 48 and 3216?
48
What is the greatest common divisor of 320 and 64?
64
Calculate the greatest common factor of 65 and 945.
5
What is the highest common divisor of 2096 and 48?
16
What is the greatest common divisor of 25 and 2575?
25
What is the highest common factor of 70 and 10?
10
What is the greatest common factor of 12 and 24972?
12
Calculate the greatest common factor of 72 and 3204.
36
Calculate the highest common factor of 66 and 15.
3
What is the highest common factor of 153 and 12087?
153
Calculate the highest common divisor of 55 and 704.
11
What is the greatest common factor of 105 and 14?
7
What is the highest common divisor of 144 and 48?
48
Calculate the greatest common factor of 11850 and 150.
150
Calculate the greatest common factor of 26 and 22.
2
What is the highest common factor of 935 and 85?
85
What is the greatest common divisor of 798 and 19?
19
Calculate the highest common divisor of 3318 and 28.
14
What is the highest common divisor of 845 and 4394?
169
What is the grea